a89 (base 11) to base 5.
3303112402
-246897 (base 10) to base 8
-742161
c457c (base 13) to base 8
1260324
10210101 (base 3) to base 9
3711
Convert -3676 (base 12) to base 11.
-4680
What is 10936 (base 11) in base 12?
9161
2555325 (base 6) to base 7
1121543
Convert -3310230 (base 5) to base 16.
-de6c
-bf7d (base 16) to base 6
-1014541
10024112 (base 5) to base 9
131545
5240343 (base 6) to base 9
426560
410255 (base 6) to base 2
111111011111011
-10101110101001111110110 (base 2) to base 7
-66434333
Convert 4793979 (base 10) to base 15.
64a689
Convert 35000430 (base 6) to base 2.
100000110000001100010
What is -232050321 (base 6) in base 10?
-4298953
Convert -326350 (base 7) to base 2.
-1110000001110111
What is 20352001 (base 6) in base 16?
90121
What is -1341420 (base 8) in base 2?
-1011100001100010000
d7b3 (base 14) to base 2
1001000101010001
-d8ca3 (base 16) to base 4
-3120302203
Convert 1a71b30 (base 12) to base 13.
121b405
What is -28149 (base 10) in base 6?
-334153
10200122020111 (base 3) to base 12
7a6b41
What is 50b (base 12) in base 16?
2db
Convert 3a7743 (base 13) to base 6.
50204014
Convert -2022103202 (base 4) to base 10.
-566498
Convert -3833 (base 13) to base 5.
-223420
What is 1011111000111110101 (base 2) in base 14?
a1dc1
-33221232 (base 4) to base 15
-13ee0
Convert -2300332211 (base 5) to base 6.
-301031201
What is -12c313 (base 14) in base 16?
-9e3fd
100100112220 (base 3) to base 11
116363
Convert -13ac941 (base 13) to base 10.
-6254236
What is e1f2d (base 16) in base 2?
11100001111100101101
Convert 1044011323 (base 5) to base 13.
6370b0
Convert -10110110110111011010 (base 2) to base 5.
-142432033
-50013262 (base 7) to base 8
-17561307
What is 21012111211200 (base 3) in base 7?
44354034
210156042 (base 7) to base 12
4192839
7167b7 (base 13) to base 3
11222020022120
-3491918 (base 10) to base 14
-66c7ca
What is -b8603 (base 12) in base 10?
-242787
What is -3413200221 (base 5) in base 2?
-11100110100000010100010
Convert -223020424 (base 6) to base 14.
-77a384
Convert 211121011122 (base 3) to base 15.
8bbe5
What is -1303321001 (base 4) in base 7?
-4014635
11211103001 (base 4) to base 8
5452301
Convert -147372 (base 12) to base 4.
-1110011012
What is 72717 (base 10) in base 16?
11c0d
-2524641 (base 9) to base 3
-2120211201101
45a99d (base 14) to base 3
11110112202111
44210212 (base 6) to base 2
101000011000100100000
Convert 49db3c (base 14) to base 5.
1122104142
Convert -2483324 (base 9) to base 15.
-1bb2cd
What is -1011010111000100001100 (base 2) in base 8?
-13270414
What is -3401120 (base 8) in base 3?
-1201122101120
-1110110111101101101110 (base 2) to base 16
-3b7b6e
Convert 63984 (base 10) to base 8.
174760
Convert -633171 (base 8) to base 3.
-101200211021
Convert -20020320 (base 4) to base 15.
-9d26
78336 (base 12) to base 14
42174
Convert -a6957 (base 13) to base 10.
-300385
What is 786c (base 13) in base 3?
212002000
13553431 (base 7) to base 12
515181
What is -1041642 (base 9) in base 6?
-15551402
24234021 (base 5) to base 11
145925
What is -32340 (base 16) in base 13?
-7279b
What is 4238950 (base 10) in base 11?
2435871
What is -10111210121 (base 3) in base 6?
-1251541
What is -31230122 (base 5) in base 11?
-166a63
Convert 6644652 (base 8) to base 12.
722ab6
Convert -25277 (base 9) to base 3.
-212022121
What is 3359a (base 13) in base 2?
10110110000111110
-b3712 (base 12) to base 15
-49652
Convert -270643 (base 8) to base 16.
-171a3
192a714 (base 11) to base 12
11151b6
Convert 303320122 (base 4) to base 8.
637032
What is -8882456 (base 9) in base 2?
-10010001110100100000001
What is -467276 (base 8) in base 16?
-26ebe
Convert 3614155 (base 11) to base 7.
104362441
What is -415347 (base 8) in base 6?
-2542411
Convert -68499 (base 10) to base 7.
-403464
Convert -378704 (base 9) to base 7.
-1644013
What is 226169 (base 13) in base 7?
6624455
410442013 (base 5) to base 16
19444b
-80f0c3 (base 16) to base 5
-4130401433
What is 17238634 (base 9) in base 3?
121021022201011
What is -111210021230 (base 4) in base 15?
-769ed5
Convert 90a2a (base 13) to base 8.
771327
What is 1331414122 (base 6) in base 13?
3426263
Convert 275132 (base 10) to base 14.
723a4
-33122 (base 14) to base 10
-123706
What is 5c9b39 (base 13) in base 8?
10361515
What is 1201102121 (base 3) in base 14?
c499
Convert -223e7 (base 16) to base 7.
-1122634
Convert 17f948 (base 16) to base 15.
2107ce
What is -26275375 (base 8) in base 11?
-3345941
What is 14f5b (base 16) in base 15?
1a686
-768367 (base 9) to base 6
-13500141
What is -55a60 (base 12) in base 11?
-78584
What is -8d57b (base 16) in base 5?
-122011224
Convert 408753 (base 11) to base 6.
22015525
Convert -115415545 (base 6) to base 8.
-10374531
-111111100010100001111 (base 2) to base 7
-23461104
Convert -503117 (base 14) to base 8.
-12224541
101001011101110111011 (base 2) to base 9
2500804
889bc (base 15) to base 16
6a01a
What is -571a18 (base 14) in base 13?
-7c9716
What is -103103123313 (base 4) in base 13?
-10823b2
-10101111100001011011100 (base 2) to base 7
-66613161
338b98 (base 14) to base 16
1abf82
Convert -1760777 (base 11) to base 7.
-34252324
What is 1110001122200 (base 3) in base 11?
485709
What is -549958a (base 11) in base 15?
-ca8325
What is 3ccb43 (base 13) in base 11?
92468a
What is -216203023 (base 7) in base 6?
-1144350551
What is 1000012122202 (base 3) in base 12?
219b25
What is d8c0b (base 16) in base 9?
1602765
What is -9631 (base 13) in base 15?
-6287
Convert -2a3ee (base 16) to base 13.
-609b8
What is 32300213 (base 4) in base 10?
60455
What is -101231203 (base 4) in base 3?
-10200111221
-231022034 (base 5) to base 7
-11530663
Convert -719b5 (base 13) to base 11.
-12a127
What is -404123413 (base 6) in base 13?
-158207a
What is -1821625 (base 10) in base 5?
-431243000
-112040533 (base 6) to base 5
-1011330444
What is 154336313 (base 7) in base 10?
10412951
What is 1011011001111011101 (base 2) in base 14?
9a2a9
What is -10024 (base 6) in base 9?
-1717
-9361a (base 13) to base 3
-111110001212
What is 3139a23 (base 11) in base 6?
314331051
Convert 5750771 (base 10) to base 5.
2433011041
Convert 11102120020200 (base 3) to base 12.
955b00
Convert 2010451 (base 6) to base 13.
341b0
What is -34088 (base 15) in base 5?
-20244003
What is 40087 (base 13) in base 7?
654253
55145154 (base 7) to base 15
637ab9
-10122000203 (base 4) to base 9
-2150452
20b483 (base 12) to base 13
15162c
What is 101213223211 (base 4) in base 10?
4618981
What is -627522 (base 12) in base 13?
-422387
Convert 20045143 (base 6) to base 10.
566199
-3ad4b8 (base 16) to base 8
-16552270
What is -4141741 (base 9) in base 12?
-8a839a
What is -1101110100010001110011 (base 2) in base 6?
-205344311
Convert 377205 (base 14) to base 13.
51794b
1563122 (base 9) to base 7
10244414
What is -33229 (base 12) in base 11?
-46968
What is -1111100001011101100101 (base 2) in base 10?
-4069221
What is 146272 (base 13) in base 3?
221100201001
-48052 (base 12) to base 11
-66828
What is 1062a (base 14) in base 11?
27858
5655 (base 9) to base 10
4181
-8147 (base 16) to base 15
-9c15
Convert -31023210121 (base 4) to base 5.
-1341032012
5555565 (base 7) to base 11
429692
Convert 3a29 (base 12) to base 7.
25260
Convert -10010101100101 (base 2) to base 5.
-301243
-304a1c (base 15) to base 6
-121055530
What is -14285607 (base 9) in base 11?
-3aa89a7
What is 59295 (base 10) in base 11?
40605
Convert 101042213 (base 5) to base 14.
a9106
-15115636 (base 7) to base 16
-15ddc8
What is -858548 (base 9) in base 12?
-207bb2
What is -14412521 (base 6) in base 11?
-311389
11112100230 (base 4) to base 14
286c7a
-b1563 (base 12) to base 10
-230619
Convert 254472 (base 15) to base 5.
424131012
Convert -2471ae (base 15) to base 3.
-10021200001102
Convert 121100333120 (base 4) to base 8.
31207730
Convert -12a3ce (base 16) to base 7.
-13245315
What is -13737b (base 12) in base 15?
-65d78
311310121 (base 4) to base 9
365344
What is -180c7cd (base 14) in base 15?
-1096074
-3402205 (base 6) to base 11
-107a03
-20ba57b (base 12) to base 6
-341135435
Convert -101100111011 (base 2) to base 14.
-1095
What is 34826 (base 13) in base 12?
4757b
1c9793 (base 15) to base 4
11111202303
73814b (base 13) to base 4
22103303032
What is 2173345 (base 8) in base 14?
11415b
-10c08 (